{"id":50,"date":"2014-10-17T21:27:40","date_gmt":"2014-10-17T19:27:40","guid":{"rendered":"http:\/\/s526043246.mialojamiento.es\/avazquez\/_vgmloc\/wordpress\/?page_id=50"},"modified":"2022-01-23T12:42:08","modified_gmt":"2022-01-23T11:42:08","slug":"donde-estoy","status":"publish","type":"page","link":"https:\/\/localizacomopuedas.es\/?page_id=50","title":{"rendered":"\u00bfD\u00f3nde estoy?"},"content":{"rendered":"<p class=\"titulo-alternatiu\" style=\"text-align: justify;\">Mi nombre es Arturo V\u00e1zquez Rodr\u00edguez. Soy graduado en <a title=\"Grado en Estudios ingleses\" href=\"http:\/\/www.uv.es\/uvweb\/universidad\/es\/estudios-grado\/grau-1285846094474\/Titulacio.html?id=1285847387840\" target=\"_blank\" rel=\"noopener\"><em>Estudios ingleses<\/em><\/a> (2013) y<em> minor en lengua francesa<\/em> por la Universitat de Val\u00e8ncia. Tambi\u00e9n curs\u00e9 all\u00ed un m\u00e1ster en <a title=\"M\u00e1ster universitario en Traducci\u00f3n creativa y human\u00edstica\" href=\"http:\/\/www.uv.es\/uvweb\/grado-derecho\/es\/del-grado\/master-1285848941532\/Titulacio.html?id=1285857507847\" target=\"_blank\" rel=\"noopener\"><em>Traducci\u00f3n creativa<\/em><em>\u00a0y human\u00edstica<\/em><\/a>\u00a0(2014) y complet\u00e9 el programa de doctorado de la misma universidad denominado <a title=\"Programa de doctorado en lenguas, literaturas, culturas y sus aplicaciones\" href=\"http:\/\/www.uv.es\/uvweb\/futurs_estudiants\/es\/oferta-postgrado\/doctorat-1285888753863\/Titulacio.html?id=1285887608500\" target=\"_blank\" rel=\"noopener\"><em>Programa de doctorado en lenguas, literaturas, culturas y sus aplicaciones<\/em><\/a>.<\/p>\n<p style=\"text-align: justify;\">Siempre que he tenido la oportunidad he tratado de guiar los trabajos de investigaci\u00f3n que he realizado durante mis estudios hacia el mundo de la localizaci\u00f3n de videojuegos. Por ejemplo, mi Trabajo de fin de grado (TFG) vers\u00f3 sobre <a title=\"[DFD English Studies 2013] Transcreation in the Localisation of Video Games: The Case of Animal Crossing: Wild World\" href=\"https:\/\/www.academia.edu\/5301775\/_DFD_English_Studies_2013_Transcreation_in_the_Localisation_of_Video_Games_The_Case_of_Animal_Crossing_Wild_World\" target=\"_blank\" rel=\"noopener\"><em>Transcreaci\u00f3n en el videojuego Animal Crossing: Wild World<\/em><\/a>, mi Trabajo de fin de m\u00e1ster (TFM) consisiti\u00f3 en un estudio del <a title=\"[TFM Traducci\u00f3n 2014] El error de traducci\u00f3n en la localizaci\u00f3n de videojuegos: El caso de Breath of Fire: Dragon Quarter\" href=\"https:\/\/www.academia.edu\/7677773\/_TFM_Traduccion_2014_El_error_de_traduccion_en_la_localizacion_de_videojuegos_El_caso_de_Breath_of_Fire_Dragon_Quarter\" target=\"_blank\" rel=\"noopener\"><em>Error de traducci\u00f3n en el videojuego Breath of Fire: Dragon Quarter<\/em><\/a> y mi tesis doctoral analiza <a href=\"https:\/\/www.educacion.gob.es\/teseo\/mostrarRef.do?ref=1676835\"><em>El error de traducci\u00f3n en la localizaci\u00f3n de videojuegos: estudio descriptivo y comparativo entre videojuegos indie y no indie<\/em><\/a>.<\/p>\n<p style=\"text-align: justify;\">Respecto a esta p\u00e1gina, este es un espacio personal donde pretendo publicar detalles que me da por investigar sobre la localizaci\u00f3n de algunos videojuegos. Detalles que me parecen curiosos o llamativos y que normalmente se suelen pasar por alto o nadie los menciona. Como bien se puede leer en la descripci\u00f3n de esta p\u00e1gina, muchas veces se tratar\u00e1 curiosidades y otras muchas ser\u00e1n obviedades pero que no est\u00e1 mal que dejemos anotadas.<\/p>\n<p style=\"text-align: justify;\">Una vez expuesto todo esto, y sin nada m\u00e1s que a\u00f1adir, espero que la lectura te resulte amena y agradable.<\/p>\n<p style=\"text-align: justify;\"><strong>Tambi\u00e9n estoy en&#8230;<\/strong><\/p>\n<ul>\n<li style=\"text-align: justify;\">Twitter: <a title=\"Arturo V\u00e1zquez en Twitter\" href=\"https:\/\/twitter.com\/artvazro\" target=\"_blank\" rel=\"noopener\">@artvazro<\/a><\/li>\n<li style=\"text-align: justify;\">Academia.edu: <a title=\"Arturo V\u00e1zquez Rodr\u00edguez en Academia.edu\" href=\"https:\/\/uv.academia.edu\/ArturoV%C3%A1zquezRodr%C3%ADguez\" target=\"_blank\" rel=\"noopener\">Arturo V\u00e1zquez Rodr\u00edguez<\/a><\/li>\n<li style=\"text-align: justify;\">LinkedIn: <a title=\"Arturo V\u00e1zquez Rodr\u00edguez en LinkedIn\" href=\"http:\/\/es.linkedin.com\/in\/arturovazquezrodriguez\" target=\"_blank\" rel=\"noopener\">Arturo V\u00e1zquez Rodr\u00edguez<\/a><\/li>\n<\/ul>\n","protected":false},"excerpt":{"rendered":"<p>Mi nombre es Arturo V\u00e1zquez Rodr\u00edguez. Soy graduado en Estudios ingleses (2013) y minor en lengua francesa por la Universitat de Val\u00e8ncia. Tambi\u00e9n curs\u00e9 all\u00ed un m\u00e1ster en Traducci\u00f3n creativa\u00a0y human\u00edstica\u00a0(2014) y complet\u00e9 el programa de doctorado de la misma universidad denominado Programa de doctorado en lenguas, literaturas, culturas y sus aplicaciones. Siempre que he [&hellip;]<\/p>\n","protected":false},"author":1,"featured_media":0,"parent":0,"menu_order":1,"comment_status":"open","ping_status":"open","template":"","meta":{"jetpack_post_was_ever_published":false},"jetpack_sharing_enabled":true,"jetpack_shortlink":"https:\/\/wp.me\/P5fgCT-O","_links":{"self":[{"href":"https:\/\/localizacomopuedas.es\/index.php?rest_route=\/wp\/v2\/pages\/50"}],"collection":[{"href":"https:\/\/localizacomopuedas.es\/index.php?rest_route=\/wp\/v2\/pages"}],"about":[{"href":"https:\/\/localizacomopuedas.es\/index.php?rest_route=\/wp\/v2\/types\/page"}],"author":[{"embeddable":true,"href":"https:\/\/localizacomopuedas.es\/index.php?rest_route=\/wp\/v2\/users\/1"}],"replies":[{"embeddable":true,"href":"https:\/\/localizacomopuedas.es\/index.php?rest_route=%2Fwp%2Fv2%2Fcomments&post=50"}],"version-history":[{"count":25,"href":"https:\/\/localizacomopuedas.es\/index.php?rest_route=\/wp\/v2\/pages\/50\/revisions"}],"predecessor-version":[{"id":1178,"href":"https:\/\/localizacomopuedas.es\/index.php?rest_route=\/wp\/v2\/pages\/50\/revisions\/1178"}],"wp:attachment":[{"href":"https:\/\/localizacomopuedas.es\/index.php?rest_route=%2Fwp%2Fv2%2Fmedia&parent=50"}],"curies":[{"name":"wp","href":"https:\/\/api.w.org\/{rel}","templated":true}]}}