{"id":7,"date":"2014-10-17T10:09:10","date_gmt":"2014-10-17T10:09:10","guid":{"rendered":"http:\/\/s526043246.mialojamiento.es\/avazquez\/_vgmloc\/wordpress\/?page_id=7"},"modified":"2016-11-26T15:49:55","modified_gmt":"2016-11-26T14:49:55","slug":"enlaces-de-interes","status":"publish","type":"page","link":"https:\/\/localizacomopuedas.es\/?page_id=7","title":{"rendered":"Enlaces de inter\u00e9s"},"content":{"rendered":"<h2 style=\"text-align: center;\"><span style=\"text-decoration: underline;\">P\u00e1ginas con contenido sobre localizaci\u00f3n de videojuegos<\/span><\/h2>\n<p style=\"text-align: center;\"><span style=\"font-size: 10pt;\">(Orden alfab\u00e9tico)<\/span><\/p>\n<p>&nbsp;<\/p>\n<table>\n<tbody>\n<tr>\n<td class=\"first-row\">Autor<\/td>\n<td class=\"first-row\">T\u00edtulo de la p\u00e1gina<\/td>\n<td class=\"first-row\">Direcci\u00f3n URL<\/td>\n<\/tr>\n<tr>\n<td>Pablo Mu\u00f1oz S\u00e1nchez<\/td>\n<td>Algo m\u00e1s que traducir<\/td>\n<td><a title=\"Algo m\u00e1s que traducir\" href=\"http:\/\/algomasquetraducir.com\/\" target=\"_blank\">http:\/\/algomasquetraducir.com\/<\/a><\/td>\n<\/tr>\n<tr>\n<td>Eugenia Arr\u00e9s<\/td>\n<td>De traducciones<\/td>\n<td><a title=\"De traducciones\" href=\"http:\/\/detraducciones.blogspot.com.es\/\" target=\"_blank\">http:\/\/detraducciones.blogspot.com.es\/<\/a><\/td>\n<\/tr>\n<tr>\n<td>Yova Turnes<\/td>\n<td>Doblaje videojuegos<\/td>\n<td><a title=\"Doblaje videojuegos\" href=\"http:\/\/www.doblajevideojuegos.es\/\" target=\"_blank\">http:\/\/www.doblajevideojuegos.es\/<\/a><\/td>\n<\/tr>\n<tr>\n<td>Yova Turnes<\/td>\n<td>GamerDic<\/td>\n<td><a title=\"Gamer Dic\" href=\"http:\/\/www.gamerdic.es\" target=\"_blank\">http:\/\/www.gamerdic.es<\/a><\/td>\n<\/tr>\n<tr>\n<td>Clyde Mandelin<\/td>\n<td>Legends of Localization<\/td>\n<td><a title=\"Legends of Localization\" href=\"http:\/\/legendsoflocalization.com\/\" target=\"_blank\">http:\/\/legendsoflocalization.com\/<\/a><\/td>\n<\/tr>\n<tr>\n<td>Curri Barcel\u00f3<\/td>\n<td>Localizaci\u00f3n y testeo con Curri<\/td>\n<td><a title=\"Localizaci\u00f3n y testeo con Curri\" href=\"http:\/\/localiza-me.blogspot.com.es\/\" target=\"_blank\">http:\/\/localiza-me.blogspot.com.es\/<\/a><\/td>\n<\/tr>\n<tr>\n<td>Elizabeth S\u00e1nchez Le\u00f3n<\/td>\n<td>Video Game Localization<\/td>\n<td><a title=\"Video Game Localization\" href=\"http:\/\/www.scoop.it\/t\/video-game-localization\" target=\"_blank\">http:\/\/www.scoop.it\/t\/video-game-localization<\/a><\/td>\n<\/tr>\n<tr>\n<td><\/td>\n<td><\/td>\n<td><\/td>\n<\/tr>\n<tr>\n<td><\/td>\n<td><\/td>\n<td><\/td>\n<\/tr>\n<\/tbody>\n<\/table>\n<p><em>Puedes sugerir m\u00e1s p\u00e1ginas dej\u00e1ndonos un comentario aqu\u00ed abajo.<\/em><\/p>\n","protected":false},"excerpt":{"rendered":"<p>P\u00e1ginas con contenido sobre localizaci\u00f3n de videojuegos (Orden alfab\u00e9tico) &nbsp; Autor T\u00edtulo de la p\u00e1gina Direcci\u00f3n URL Pablo Mu\u00f1oz S\u00e1nchez Algo m\u00e1s que traducir http:\/\/algomasquetraducir.com\/ Eugenia Arr\u00e9s De traducciones http:\/\/detraducciones.blogspot.com.es\/ Yova Turnes Doblaje videojuegos http:\/\/www.doblajevideojuegos.es\/ Yova Turnes GamerDic http:\/\/www.gamerdic.es Clyde Mandelin Legends of Localization http:\/\/legendsoflocalization.com\/ Curri Barcel\u00f3 Localizaci\u00f3n y testeo con Curri http:\/\/localiza-me.blogspot.com.es\/ Elizabeth S\u00e1nchez [&hellip;]<\/p>\n","protected":false},"author":1,"featured_media":0,"parent":0,"menu_order":3,"comment_status":"open","ping_status":"open","template":"","meta":{"jetpack_post_was_ever_published":false},"jetpack_sharing_enabled":true,"jetpack_shortlink":"https:\/\/wp.me\/P5fgCT-7","_links":{"self":[{"href":"https:\/\/localizacomopuedas.es\/index.php?rest_route=\/wp\/v2\/pages\/7"}],"collection":[{"href":"https:\/\/localizacomopuedas.es\/index.php?rest_route=\/wp\/v2\/pages"}],"about":[{"href":"https:\/\/localizacomopuedas.es\/index.php?rest_route=\/wp\/v2\/types\/page"}],"author":[{"embeddable":true,"href":"https:\/\/localizacomopuedas.es\/index.php?rest_route=\/wp\/v2\/users\/1"}],"replies":[{"embeddable":true,"href":"https:\/\/localizacomopuedas.es\/index.php?rest_route=%2Fwp%2Fv2%2Fcomments&post=7"}],"version-history":[{"count":43,"href":"https:\/\/localizacomopuedas.es\/index.php?rest_route=\/wp\/v2\/pages\/7\/revisions"}],"predecessor-version":[{"id":846,"href":"https:\/\/localizacomopuedas.es\/index.php?rest_route=\/wp\/v2\/pages\/7\/revisions\/846"}],"wp:attachment":[{"href":"https:\/\/localizacomopuedas.es\/index.php?rest_route=%2Fwp%2Fv2%2Fmedia&parent=7"}],"curies":[{"name":"wp","href":"https:\/\/api.w.org\/{rel}","templated":true}]}}